{"id":97,"date":"2017-01-03T09:57:38","date_gmt":"2017-01-03T08:57:38","guid":{"rendered":"http:\/\/geburtshaus-regenbogen.de\/?page_id=97"},"modified":"2026-01-15T08:20:55","modified_gmt":"2026-01-15T07:20:55","slug":"rueckbildungskurs","status":"publish","type":"page","link":"https:\/\/geburtshaus-regenbogen.de\/?page_id=97","title":{"rendered":"R\u00fcckbildungskurs"},"content":{"rendered":"<h2>R\u00fcckbildungsgymnastik<\/h2>\n<p>Um nach dem Wochenbett wieder in Form zu kommen, bieten wir einen R\u00fcckbildungskurs mit Kind an.<br \/>\nDurch Schwangerschaft und Geburt werden Beckenboden,- Bauch,- und R\u00fcckenmuskeln in Mitleidenschaft gezogen. In unserem R\u00fcckbildungskurs werden Sie auf diese Muskelgruppen sensibilisiert. Gemeinsam mit anderen M\u00fcttern lernen Sie viele verschiedene \u00dcbungen zur Kr\u00e4ftigung und Entspannung kennen und f\u00fchren diese unter Anleitung aus. Je nachdem, wie es Ihnen geht und, wie eventuelle Geburtsverletzungen verheilt sind, k\u00f6nnen Sie ab ca. der 8. Woche nach der Entbindung mit dem Kurs beginnen.<\/p>\n<p>Die Kosten werden von jeder Krankenkasse \u00fcbernommen, wenn Sie innerhalb 9 Monaten nach der Geburt mit dem R\u00fcckbildungskurs beginnen.<\/p>\n<p><strong>Rahmenbedingungen:<br \/>\n<\/strong>Die Kurse werden von Hebamme Sabine geleitet. Eine <strong>Anfrage (derzeit wegen hoher Nachfrage nur auf Warteliste m\u00f6glich)<\/strong> ist per E-Mail m\u00f6glich: hebammen@geburtshaus-regenbogen.de. Bitte geben Sie Namen, Adresse, Mobilnummer und Geburtstag des Kindes an. Sofern ein Kursplatz frei ist, geben wir R\u00fcckmeldung.<\/p>\n<p>Bitte mitbringen: rutsch-hemmende Socken<\/p>\n","protected":false},"excerpt":{"rendered":"<p>R\u00fcckbildungsgymnastik Um nach dem Wochenbett wieder in Form zu kommen, bieten wir einen R\u00fcckbildungskurs mit Kind an. Durch Schwangerschaft und Geburt werden Beckenboden,- Bauch,- und R\u00fcckenmuskeln in Mitleidenschaft gezogen. In unserem R\u00fcckbildungskurs werden Sie auf diese Muskelgruppen sensibilisiert. Gemeinsam mit anderen M\u00fcttern lernen Sie viele verschiedene \u00dcbungen zur Kr\u00e4ftigung und Entspannung kennen und f\u00fchren diese &hellip; <\/p>\n<p class=\"link-more\"><a href=\"https:\/\/geburtshaus-regenbogen.de\/?page_id=97\" class=\"more-link\"><span class=\"screen-reader-text\">\u201eR\u00fcckbildungskurs\u201c <\/span>weiterlesen<\/a><\/p>\n","protected":false},"author":1,"featured_media":0,"parent":118,"menu_order":0,"comment_status":"closed","ping_status":"closed","template":"","meta":{"footnotes":""},"class_list":["post-97","page","type-page","status-publish","hentry"],"_links":{"self":[{"href":"https:\/\/geburtshaus-regenbogen.de\/index.php?rest_route=\/wp\/v2\/pages\/97","targetHints":{"allow":["GET"]}}],"collection":[{"href":"https:\/\/geburtshaus-regenbogen.de\/index.php?rest_route=\/wp\/v2\/pages"}],"about":[{"href":"https:\/\/geburtshaus-regenbogen.de\/index.php?rest_route=\/wp\/v2\/types\/page"}],"author":[{"embeddable":true,"href":"https:\/\/geburtshaus-regenbogen.de\/index.php?rest_route=\/wp\/v2\/users\/1"}],"replies":[{"embeddable":true,"href":"https:\/\/geburtshaus-regenbogen.de\/index.php?rest_route=%2Fwp%2Fv2%2Fcomments&post=97"}],"version-history":[{"count":14,"href":"https:\/\/geburtshaus-regenbogen.de\/index.php?rest_route=\/wp\/v2\/pages\/97\/revisions"}],"predecessor-version":[{"id":1053,"href":"https:\/\/geburtshaus-regenbogen.de\/index.php?rest_route=\/wp\/v2\/pages\/97\/revisions\/1053"}],"up":[{"embeddable":true,"href":"https:\/\/geburtshaus-regenbogen.de\/index.php?rest_route=\/wp\/v2\/pages\/118"}],"wp:attachment":[{"href":"https:\/\/geburtshaus-regenbogen.de\/index.php?rest_route=%2Fwp%2Fv2%2Fmedia&parent=97"}],"curies":[{"name":"wp","href":"https:\/\/api.w.org\/{rel}","templated":true}]}}