{"id":91,"date":"2017-01-03T09:53:00","date_gmt":"2017-01-03T08:53:00","guid":{"rendered":"http:\/\/geburtshaus-regenbogen.de\/?page_id=91"},"modified":"2024-02-29T08:22:50","modified_gmt":"2024-02-29T07:22:50","slug":"geburtsvorbereitung","status":"publish","type":"page","link":"https:\/\/geburtshaus-regenbogen.de\/?page_id=91","title":{"rendered":"Geburtsvorbereitung"},"content":{"rendered":"<h2>Geburtsvorbereitung<\/h2>\n<p>Im Geburtsvorbereitungskurs (GeVo) lernen Sie alles Theoretische \u00fcber die Geburt und bekommen praktische Tipps rund um Entspannung, richtiges Atmen und Bewegung. Jeder Erstgeb\u00e4renden, die in unserem Haus entbinden m\u00f6chte, und Frauen, die andernorts (z. B. in einer Klinik) entbunden haben, empfehlen wir dringlichst an einem unserer GeVo-Kurse teilzunehmen, Zweit- und Mehrfachgeb\u00e4rende sind auch herzlich willkommen um Vergessenes aufzufrischen und andere Schwangere an ihren Erfahrungen Teil haben zu lassen.<\/p>\n<ul>\n<li><strong>Geburtsvorbereitung-Wohlf\u00fchlwochenende f\u00fcr Paare<\/strong><br \/>&#8211; siehe Termine &#8211;<br \/>\n<p>Geb\u00fchren:<br \/>Die Kursgeb\u00fchr f\u00fcr die Frau \u00fcbernehmen alle Krankenkassen, die Partner-Geb\u00fchr muss meist privat gezahlt werden &#8211; einzelne Kassen \u00fcbernehmen auch diese ganz oder teilweise &#8211; erkundigen Sie sich bei Ihrer Kasse.<\/p>\n<\/li>\n<\/ul>\n\n\n<p><\/p>\n","protected":false},"excerpt":{"rendered":"<p>Geburtsvorbereitung Im Geburtsvorbereitungskurs (GeVo) lernen Sie alles Theoretische \u00fcber die Geburt und bekommen praktische Tipps rund um Entspannung, richtiges Atmen und Bewegung. Jeder Erstgeb\u00e4renden, die in unserem Haus entbinden m\u00f6chte, und Frauen, die andernorts (z. B. in einer Klinik) entbunden haben, empfehlen wir dringlichst an einem unserer GeVo-Kurse teilzunehmen, Zweit- und Mehrfachgeb\u00e4rende sind auch herzlich &hellip; <\/p>\n<p class=\"link-more\"><a href=\"https:\/\/geburtshaus-regenbogen.de\/?page_id=91\" class=\"more-link\"><span class=\"screen-reader-text\">\u201eGeburtsvorbereitung\u201c <\/span>weiterlesen<\/a><\/p>\n","protected":false},"author":1,"featured_media":0,"parent":118,"menu_order":0,"comment_status":"closed","ping_status":"closed","template":"","meta":{"footnotes":""},"class_list":["post-91","page","type-page","status-publish","hentry"],"_links":{"self":[{"href":"https:\/\/geburtshaus-regenbogen.de\/index.php?rest_route=\/wp\/v2\/pages\/91","targetHints":{"allow":["GET"]}}],"collection":[{"href":"https:\/\/geburtshaus-regenbogen.de\/index.php?rest_route=\/wp\/v2\/pages"}],"about":[{"href":"https:\/\/geburtshaus-regenbogen.de\/index.php?rest_route=\/wp\/v2\/types\/page"}],"author":[{"embeddable":true,"href":"https:\/\/geburtshaus-regenbogen.de\/index.php?rest_route=\/wp\/v2\/users\/1"}],"replies":[{"embeddable":true,"href":"https:\/\/geburtshaus-regenbogen.de\/index.php?rest_route=%2Fwp%2Fv2%2Fcomments&post=91"}],"version-history":[{"count":28,"href":"https:\/\/geburtshaus-regenbogen.de\/index.php?rest_route=\/wp\/v2\/pages\/91\/revisions"}],"predecessor-version":[{"id":793,"href":"https:\/\/geburtshaus-regenbogen.de\/index.php?rest_route=\/wp\/v2\/pages\/91\/revisions\/793"}],"up":[{"embeddable":true,"href":"https:\/\/geburtshaus-regenbogen.de\/index.php?rest_route=\/wp\/v2\/pages\/118"}],"wp:attachment":[{"href":"https:\/\/geburtshaus-regenbogen.de\/index.php?rest_route=%2Fwp%2Fv2%2Fmedia&parent=91"}],"curies":[{"name":"wp","href":"https:\/\/api.w.org\/{rel}","templated":true}]}}